{"id":25,"date":"2020-11-24T19:46:58","date_gmt":"2020-11-24T19:46:58","guid":{"rendered":"http:\/\/www.lorenzotrichotherapymontreal.com\/?page_id=25"},"modified":"2022-03-03T22:04:35","modified_gmt":"2022-03-03T22:04:35","slug":"accueil","status":"publish","type":"page","link":"http:\/\/www.lorenzotrichotherapymontreal.com\/","title":{"rendered":"Accueil"},"content":{"rendered":"\n<figure class=\"wp-block-image size-large\"><img loading=\"lazy\" width=\"1024\" height=\"675\" src=\"http:\/\/www.lorenzotrichotherapymontreal.com\/wp-content\/uploads\/2022\/03\/Capture-decran-2022-03-03-a-22.50.21-1024x675.png\" alt=\"\" class=\"wp-image-171\" srcset=\"http:\/\/www.lorenzotrichotherapymontreal.com\/wp-content\/uploads\/2022\/03\/Capture-decran-2022-03-03-a-22.50.21-1024x675.png 1024w, http:\/\/www.lorenzotrichotherapymontreal.com\/wp-content\/uploads\/2022\/03\/Capture-decran-2022-03-03-a-22.50.21-300x198.png 300w, http:\/\/www.lorenzotrichotherapymontreal.com\/wp-content\/uploads\/2022\/03\/Capture-decran-2022-03-03-a-22.50.21-768x506.png 768w, http:\/\/www.lorenzotrichotherapymontreal.com\/wp-content\/uploads\/2022\/03\/Capture-decran-2022-03-03-a-22.50.21-1536x1012.png 1536w, http:\/\/www.lorenzotrichotherapymontreal.com\/wp-content\/uploads\/2022\/03\/Capture-decran-2022-03-03-a-22.50.21.png 1676w\" sizes=\"(max-width: 767px) 89vw, (max-width: 1000px) 54vw, (max-width: 1071px) 543px, 580px\" \/><\/figure>\n\n\n\n<h2><strong>LA TRICHOTHERAPY, th\u00e9rapie \u00e9nerg\u00e9tique du cheveu :<\/strong><\/h2>\n\n\n\n<p>Cette technique de coupe de cheveux \u00e9nerg\u00e9tique lib\u00e8re les toxines capillaires, dynamise l&rsquo;\u00e9nergie vitale &amp; stimule les m\u00e9ridiens cr\u00e2niens. Elle offre un r\u00e9sultat visible de brillance, de volume &amp; de lumi\u00e8re sur la chevelure.<\/p>\n\n\n\n<p>Le cheveu est instantan\u00e9ment transform\u00e9. Effet \u00ab\u00a0bonne mine\u00a0\u00bb imm\u00e9diat.<\/p>\n\n\n\n<h2><strong>Cette coupe de cheveux \u00e9nerg\u00e9tique am\u00e8ne une l\u00e9g\u00e8ret\u00e9 aux cheveux, au corps, \u00e0 l&rsquo;\u00eatre&#8230;<\/strong><\/h2>\n\n\n\n<p>Le pr\u00e9fixe \u00ab\u00a0Tricho\u00a0\u00bb vient du grec ancien d\u00e9signant le cheveu.<\/p>\n\n\n\n<h2>Le cheveu est une source d&rsquo;information incontournable sur l&rsquo;individu.<\/h2>\n\n\n\n<p>En poussant le cheveu incorpore ce qui est pr\u00e9sent dans le sang &amp; la sueur. Autrement dit, le cheveu garde une trace pr\u00e9cise de ce que son propri\u00e9taire a mang\u00e9, aval\u00e9, fum\u00e9&#8230;<\/p>\n\n\n\n<p>Une m\u00e8che de 6 cm devient un journal intime bien involontaire sur les 6 derniers mois que vient de vivre son propri\u00e9taire. RIEN N\u2019\u00c9CHAPPE AUX CHEVEUX.<\/p>\n\n\n\n<p>Dans les recherches g\u00e9n\u00e9tiques il n&rsquo;y a que le bulbe du cheveu qui est soumis \u00e0 un examen.<\/p>\n\n\n\n<p>Notre bulbe pileux est notre \u00ab\u00a0code barres\u00a0\u00bb, notre code ADN. La vie au sens \u00e9cologique et biologique est une histoire de communication cellulaire. Le cycle de vie et de pousse du cheveu le d\u00e9montre indiscutablement.<\/p>\n\n\n\n<h2>NOS CHEVEUX SONT VIVANTS.<\/h2>\n\n\n\n<h2><strong>Aspect \u00e9nerg\u00e9tique<\/strong> <strong>du cheveu.<\/strong><\/h2>\n\n\n\n<p>Telle une fibre optique, le cheveu est un capteur d&rsquo;\u00e9nergie (du jour, du soleil&#8230;). C&rsquo;est un capteur sensoriel &amp; \u00e9motionnel.<\/p>\n\n\n\n<p>Le cheveu dans son m\u00e9canisme de croissance accompagne le corps dans les processus de d\u00e9toxination. Nous d\u00e9toxinons aussi par les larmes, la transpiration, l&rsquo;urine etc&#8230;<\/p>\n\n\n\n<p>Charg\u00e9 de stress, de toxines, les cheveux perdent leur \u00e9clat, leur vitalit\u00e9.<\/p>\n\n\n\n<p>Les densifications d&rsquo;\u00e9nergies contenues dans le cheveu font obstacle \u00e0 sa capacit\u00e9 r\u00e9ceptrice.<\/p>\n\n\n\n<p>Le cheveu r\u00e9v\u00e8le l&rsquo;humeur de la personne. Il est le premier \u00e0 nous donner des nouvelles de notre \u00e9tat de sant\u00e9.<\/p>\n\n\n\n<p>D\u00e8s que l&rsquo;on coupe le cheveu, il y a lib\u00e9ration de ces cristallisations.<\/p>\n\n\n\n<h2><strong>LE PROTOCOLE S&rsquo;EFFECTUE EN 3 PARTIES :<\/strong><\/h2>\n\n\n\n<ul id=\"block-43e96041-a97f-4a4a-88b5-dbfb0b6da639\"><li><span class=\"has-inline-color has-accent-color\">MASSAGE :<\/span> prise de contact avec le syst\u00e8me cr\u00e2nio-sacr\u00e9, stimulation de la glande pin\u00e9al (indispensable \u00e0 la r\u00e9gulation de notre milieu int\u00e9rieur), d\u00e9toxinationn des m\u00e9ridiens cr\u00e2niens. LE COIFFEUR \u00c9NERG\u00c9TICIEN PREPARE SON SUJET A RECEVOIR LA COUPE AU TANT\u00d6.<\/li><\/ul>\n\n\n\n<figure class=\"wp-block-embed-youtube wp-block-embed is-type-video is-provider-youtube wp-embed-aspect-16-9 wp-has-aspect-ratio\"><div class=\"wp-block-embed__wrapper\">\n<iframe title=\"Jill Andrieu pr\u00e9sente La Trichoth\u00e9rapy 1\u00b0 Le massage \u00e9nerg\u00e9tique\" width=\"525\" height=\"295\" src=\"https:\/\/www.youtube.com\/embed\/HNniiPZGPUs?feature=oembed\" frameborder=\"0\" allow=\"accelerometer; autoplay; clipboard-write; encrypted-media; gyroscope; picture-in-picture\" allowfullscreen><\/iframe>\n<\/div><\/figure>\n\n\n\n<ul id=\"block-43e96041-a97f-4a4a-88b5-dbfb0b6da639\"><li><span class=\"has-inline-color has-accent-color\">SOIN \u00c9NERG\u00c9TIQUE AVEC LE TANT\u00d6 : <\/span>en coupant, le tant\u00f6 \u00e9met une vibration qui est transmise par les \u00e9cailles du cheveu jusqu&rsquo;au bulbe pilleux, par r\u00e9sonance dans la boite cr\u00e2nienne la vibration se diffuse \u00e0 travers les h\u00e9misph\u00e8res du cerveau,le liquide C\u00e9phalo Rachidien transmet cette vibration jusqu&rsquo;au sacrum et transmet cette fr\u00e9quence vibratoire au syst\u00e8me sympathique et parasympathique. Le cheveu est d\u00e9structur\u00e9.<\/li><\/ul>\n\n\n\n<figure class=\"wp-block-embed-youtube wp-block-embed is-type-video is-provider-youtube wp-embed-aspect-16-9 wp-has-aspect-ratio\"><div class=\"wp-block-embed__wrapper\">\n<iframe title=\"Jill Andrieu pr\u00e9sente La Trichoth\u00e9rapy - 2\u00b0 La coupe au &quot;Tant\u00f5&quot;\" width=\"525\" height=\"295\" src=\"https:\/\/www.youtube.com\/embed\/qkamkvHo0ng?feature=oembed\" frameborder=\"0\" allow=\"accelerometer; autoplay; clipboard-write; encrypted-media; gyroscope; picture-in-picture\" allowfullscreen><\/iframe>\n<\/div><\/figure>\n\n\n\n<ul id=\"block-43e96041-a97f-4a4a-88b5-dbfb0b6da639\"><li><span class=\"has-inline-color has-accent-color\">HARMONISATION :<\/span> restructuration du cheveu avec le rasoir sans couper les cheveux.<\/li><\/ul>\n\n\n\n<figure class=\"wp-block-embed-youtube wp-block-embed is-type-video is-provider-youtube wp-embed-aspect-16-9 wp-has-aspect-ratio\"><div class=\"wp-block-embed__wrapper\">\n<iframe title=\"Jill Andrieu pr\u00e9sente La Trichoth\u00e9rapy 3\u00b0 L&#039;harmonisation\" width=\"525\" height=\"295\" src=\"https:\/\/www.youtube.com\/embed\/inHd2pbfZ8k?feature=oembed\" frameborder=\"0\" allow=\"accelerometer; autoplay; clipboard-write; encrypted-media; gyroscope; picture-in-picture\" allowfullscreen><\/iframe>\n<\/div><\/figure>\n\n\n\n<h2><strong>PRENEZ RENDEZ-VOUS AVEC VOUS<\/strong><\/h2>\n\n\n\n<figure class=\"wp-block-image size-large\"><img loading=\"lazy\" width=\"723\" height=\"1024\" src=\"http:\/\/www.lorenzotrichotherapymontreal.com\/wp-content\/uploads\/2020\/11\/affiche1-723x1024.jpg\" alt=\"\" class=\"wp-image-44\" srcset=\"http:\/\/www.lorenzotrichotherapymontreal.com\/wp-content\/uploads\/2020\/11\/affiche1-723x1024.jpg 723w, http:\/\/www.lorenzotrichotherapymontreal.com\/wp-content\/uploads\/2020\/11\/affiche1-212x300.jpg 212w, http:\/\/www.lorenzotrichotherapymontreal.com\/wp-content\/uploads\/2020\/11\/affiche1-768x1087.jpg 768w, http:\/\/www.lorenzotrichotherapymontreal.com\/wp-content\/uploads\/2020\/11\/affiche1-1085x1536.jpg 1085w, http:\/\/www.lorenzotrichotherapymontreal.com\/wp-content\/uploads\/2020\/11\/affiche1.jpg 1199w\" sizes=\"(max-width: 723px) 100vw, 723px\" \/><\/figure>\n","protected":false},"excerpt":{"rendered":"<p>LA TRICHOTHERAPY, th\u00e9rapie \u00e9nerg\u00e9tique du cheveu : Cette technique de coupe de cheveux \u00e9nerg\u00e9tique lib\u00e8re les toxines capillaires, dynamise l&rsquo;\u00e9nergie vitale &amp; stimule les m\u00e9ridiens cr\u00e2niens. Elle offre un r\u00e9sultat visible de brillance, de volume &amp; de lumi\u00e8re sur la chevelure. Le cheveu est instantan\u00e9ment transform\u00e9. Effet \u00ab\u00a0bonne mine\u00a0\u00bb imm\u00e9diat. Cette coupe de cheveux \u00e9nerg\u00e9tique &hellip; <\/p>\n<p class=\"link-more\"><a href=\"http:\/\/www.lorenzotrichotherapymontreal.com\/\" class=\"more-link\">Continuer la lecture<span class=\"screen-reader-text\"> de &laquo;&nbsp;Accueil&nbsp;&raquo;<\/span><\/a><\/p>\n","protected":false},"author":1,"featured_media":0,"parent":0,"menu_order":0,"comment_status":"closed","ping_status":"closed","template":"","meta":[],"_links":{"self":[{"href":"http:\/\/www.lorenzotrichotherapymontreal.com\/index.php\/wp-json\/wp\/v2\/pages\/25"}],"collection":[{"href":"http:\/\/www.lorenzotrichotherapymontreal.com\/index.php\/wp-json\/wp\/v2\/pages"}],"about":[{"href":"http:\/\/www.lorenzotrichotherapymontreal.com\/index.php\/wp-json\/wp\/v2\/types\/page"}],"author":[{"embeddable":true,"href":"http:\/\/www.lorenzotrichotherapymontreal.com\/index.php\/wp-json\/wp\/v2\/users\/1"}],"replies":[{"embeddable":true,"href":"http:\/\/www.lorenzotrichotherapymontreal.com\/index.php\/wp-json\/wp\/v2\/comments?post=25"}],"version-history":[{"count":11,"href":"http:\/\/www.lorenzotrichotherapymontreal.com\/index.php\/wp-json\/wp\/v2\/pages\/25\/revisions"}],"predecessor-version":[{"id":174,"href":"http:\/\/www.lorenzotrichotherapymontreal.com\/index.php\/wp-json\/wp\/v2\/pages\/25\/revisions\/174"}],"wp:attachment":[{"href":"http:\/\/www.lorenzotrichotherapymontreal.com\/index.php\/wp-json\/wp\/v2\/media?parent=25"}],"curies":[{"name":"wp","href":"https:\/\/api.w.org\/{rel}","templated":true}]}}

<figure class="wp-block-image size-large"><img loading="lazy" width="1024" height="675" src="http://www.lorenzotrichotherapymontreal.com/wp-content/uploads/2022/03/Capture-decran-2022-03-03-a-22.50.21-1024x675.png" alt="" class="wp-image-171" srcset="http://www.lorenzotrichotherapymontreal.com/wp-content/uploads/2022/03/Capture-decran-2022-03-03-a-22.50.21-1024x675.png 1024w, http://www.lorenzotrichotherapymontreal.com/wp-content/uploads/2022/03/Capture-decran-2022-03-03-a-22.50.21-300x198.png 300w, http://www.lorenzotrichotherapymontreal.com/wp-content/uploads/2022/03/Capture-decran-2022-03-03-a-22.50.21-768x506.png 768w, http://www.lorenzotrichotherapymontreal.com/wp-content/uploads/2022/03/Capture-decran-2022-03-03-a-22.50.21-1536x1012.png 1536w, http://www.lorenzotrichotherapymontreal.com/wp-content/uploads/2022/03/Capture-decran-2022-03-03-a-22.50.21.png 1676w" sizes="(max-width: 767px) 89vw, (max-width: 1000px) 54vw, (max-width: 1071px) 543px, 580px" /></figure>



<h2><strong>LA TRICHOTHERAPY, thérapie énergétique du cheveu :</strong></h2>



<p>Cette technique de coupe de cheveux énergétique libère les toxines capillaires, dynamise l&rsquo;énergie vitale &amp; stimule les méridiens crâniens. Elle offre un résultat visible de brillance, de volume &amp; de lumière sur la chevelure.</p>



<p>Le cheveu est instantanément transformé. Effet « bonne mine » immédiat.</p>



<h2><strong>Cette coupe de cheveux énergétique amène une légèreté aux cheveux, au corps, à l&rsquo;être&#8230;</strong></h2>



<p>Le préfixe « Tricho » vient du grec ancien désignant le cheveu.</p>



<h2>Le cheveu est une source d&rsquo;information incontournable sur l&rsquo;individu.</h2>



<p>En poussant le cheveu incorpore ce qui est présent dans le sang &amp; la sueur. Autrement dit, le cheveu garde une trace précise de ce que son propriétaire a mangé, avalé, fumé&#8230;</p>



<p>Une mèche de 6 cm devient un journal intime bien involontaire sur les 6 derniers mois que vient de vivre son propriétaire. RIEN N’ÉCHAPPE AUX CHEVEUX.</p>



<p>Dans les recherches génétiques il n&rsquo;y a que le bulbe du cheveu qui est soumis à un examen.</p>



<p>Notre bulbe pileux est notre « code barres », notre code ADN. La vie au sens écologique et biologique est une histoire de communication cellulaire. Le cycle de vie et de pousse du cheveu le démontre indiscutablement.</p>



<h2>NOS CHEVEUX SONT VIVANTS.</h2>



<h2><strong>Aspect énergétique</strong> <strong>du cheveu.</strong></h2>



<p>Telle une fibre optique, le cheveu est un capteur d&rsquo;énergie (du jour, du soleil&#8230;). C&rsquo;est un capteur sensoriel &amp; émotionnel.</p>



<p>Le cheveu dans son mécanisme de croissance accompagne le corps dans les processus de détoxination. Nous détoxinons aussi par les larmes, la transpiration, l&rsquo;urine etc&#8230;</p>



<p>Chargé de stress, de toxines, les cheveux perdent leur éclat, leur vitalité.</p>



<p>Les densifications d&rsquo;énergies contenues dans le cheveu font obstacle à sa capacité réceptrice.</p>



<p>Le cheveu révèle l&rsquo;humeur de la personne. Il est le premier à nous donner des nouvelles de notre état de santé.</p>



<p>Dès que l&rsquo;on coupe le cheveu, il y a libération de ces cristallisations.</p>



<h2><strong>LE PROTOCOLE S&rsquo;EFFECTUE EN 3 PARTIES :</strong></h2>



<ul id="block-43e96041-a97f-4a4a-88b5-dbfb0b6da639"><li><span class="has-inline-color has-accent-color">MASSAGE :</span> prise de contact avec le système crânio-sacré, stimulation de la glande pinéal (indispensable à la régulation de notre milieu intérieur), détoxinationn des méridiens crâniens. LE COIFFEUR ÉNERGÉTICIEN PREPARE SON SUJET A RECEVOIR LA COUPE AU TANTÖ.</li></ul>



<figure class="wp-block-embed-youtube wp-block-embed is-type-video is-provider-youtube wp-embed-aspect-16-9 wp-has-aspect-ratio"><div class="wp-block-embed__wrapper">
<iframe title="Jill Andrieu présente La Trichothérapy 1° Le massage énergétique" width="525" height="295" src="https://www.youtube.com/embed/HNniiPZGPUs?feature=oembed" frameborder="0" allow="accelerometer; autoplay; clipboard-write; encrypted-media; gyroscope; picture-in-picture" allowfullscreen></iframe>
</div></figure>



<ul id="block-43e96041-a97f-4a4a-88b5-dbfb0b6da639"><li><span class="has-inline-color has-accent-color">SOIN ÉNERGÉTIQUE AVEC LE TANTÖ : </span>en coupant, le tantö émet une vibration qui est transmise par les écailles du cheveu jusqu&rsquo;au bulbe pilleux, par résonance dans la boite crânienne la vibration se diffuse à travers les hémisphères du cerveau,le liquide Céphalo Rachidien transmet cette vibration jusqu&rsquo;au sacrum et transmet cette fréquence vibratoire au système sympathique et parasympathique. Le cheveu est déstructuré.</li></ul>



<figure class="wp-block-embed-youtube wp-block-embed is-type-video is-provider-youtube wp-embed-aspect-16-9 wp-has-aspect-ratio"><div class="wp-block-embed__wrapper">
<iframe title="Jill Andrieu présente La Trichothérapy - 2° La coupe au &quot;Tantõ&quot;" width="525" height="295" src="https://www.youtube.com/embed/qkamkvHo0ng?feature=oembed" frameborder="0" allow="accelerometer; autoplay; clipboard-write; encrypted-media; gyroscope; picture-in-picture" allowfullscreen></iframe>
</div></figure>



<ul id="block-43e96041-a97f-4a4a-88b5-dbfb0b6da639"><li><span class="has-inline-color has-accent-color">HARMONISATION :</span> restructuration du cheveu avec le rasoir sans couper les cheveux.</li></ul>



<figure class="wp-block-embed-youtube wp-block-embed is-type-video is-provider-youtube wp-embed-aspect-16-9 wp-has-aspect-ratio"><div class="wp-block-embed__wrapper">
<iframe title="Jill Andrieu présente La Trichothérapy 3° L&#039;harmonisation" width="525" height="295" src="https://www.youtube.com/embed/inHd2pbfZ8k?feature=oembed" frameborder="0" allow="accelerometer; autoplay; clipboard-write; encrypted-media; gyroscope; picture-in-picture" allowfullscreen></iframe>
</div></figure>



<h2><strong>PRENEZ RENDEZ-VOUS AVEC VOUS</strong></h2>



<figure class="wp-block-image size-large"><img loading="lazy" width="723" height="1024" src="http://www.lorenzotrichotherapymontreal.com/wp-content/uploads/2020/11/affiche1-723x1024.jpg" alt="" class="wp-image-44" srcset="http://www.lorenzotrichotherapymontreal.com/wp-content/uploads/2020/11/affiche1-723x1024.jpg 723w, http://www.lorenzotrichotherapymontreal.com/wp-content/uploads/2020/11/affiche1-212x300.jpg 212w, http://www.lorenzotrichotherapymontreal.com/wp-content/uploads/2020/11/affiche1-768x1087.jpg 768w, http://www.lorenzotrichotherapymontreal.com/wp-content/uploads/2020/11/affiche1-1085x1536.jpg 1085w, http://www.lorenzotrichotherapymontreal.com/wp-content/uploads/2020/11/affiche1.jpg 1199w" sizes="(max-width: 723px) 100vw, 723px" /></figure>

<p>LA TRICHOTHERAPY, thérapie énergétique du cheveu : Cette technique de coupe de cheveux énergétique libère les toxines capillaires, dynamise l&rsquo;énergie vitale &amp; stimule les méridiens crâniens. Elle offre un résultat visible de brillance, de volume &amp; de lumière sur la chevelure. Le cheveu est instantanément transformé. Effet « bonne mine » immédiat. Cette coupe de cheveux énergétique &hellip; </p>
<p class="link-more"><a href="http://www.lorenzotrichotherapymontreal.com/" class="more-link">Continuer la lecture<span class="screen-reader-text"> de &laquo;&nbsp;Accueil&nbsp;&raquo;</span></a></p>
